(-18)*(-138)/(-4). Is 5/(((-110)/w + 1)/1) a composite number?
True
Let g(f) = 71895*f + 2531. Is g(14) a prime number?
True
Suppose 0 = -f + 689 - 685. Is (-68559)/f*4/(-3) a composite number?
False
Let k(x) = 27*x**2 - x - 2. Let q be k(-1). Let j = q + -28. Is (j + -377)*(-5)/5 a prime number?
True
Suppose -23 + 3 = 4*j, 0 = 5*g + 4*j - 75. Suppose 15*z + 8716 = g*z. Is z a composite number?
False
Is 2 + 1 + (1 + 39910/30)*75 a prime number?
False
Let f(r) = 572*r**3 - 10*r**2 + 15*r - 1. Let b be f(2). Let u = -592 + b. Is u a composite number?
True
Let s(q) = 2*q**2 - 9*q - 6. Let z be s(6). Suppose 0 = 8*d - z*d - 804. Let t = 692 - d. Is t a composite number?
True
Suppose 3*f = -514*z + 517*z + 322869, -215228 = -2*f + 5*z. Is f prime?
False
Let t(o) = 54*o - 33. Let q be t(22). Let r = 2062 - q. Is r prime?
True
Let r = -39 + 38. Let a(t) = t**2 - 3*t - 2. Let w be a(r). Suppose -w = 2*d, -1684 = -g + 5*d - 300. Is g composite?
True
Suppose -13*h - 7835 = 8766. Let x = h + 3688. Is x prime?
True
Suppose -3*v + 3379855 = 2*w, -73*v - 5*w + 5633105 = -68*v. Is v a composite number?
True
Let x = 17 - 11. Is (x/4)/((-1)/(-218)) a prime number?
False
Let c(o) = o**2 + 8*o - 30. Let d be c(3). Is (-2 + d)/(17/175627) a prime number?
True
Let u = -65 + 69. Let r(q) = u*q + 17 - 118*q + 12*q - 32*q. Is r(-4) prime?
False
Let x(u) = u**3 + 2*u**2 - 23*u + 6. Let m be x(-6). Suppose 4*j + 26*w - 21*w - 50701 = 0, 5*j - 5*w - 63410 = m. Is j a prime number?
False
Let z = 318291 - 150898. Is z a composite number?
False
Let r = 276 - 269. Suppose -r*u - 3774 = -13*u. Is u composite?
True
Let h(n) = -746*n**3 - 8*n**2 - 18*n - 3. Let m be h(-3). Suppose -13406 = 11*y - 13*y + 4*s, -3*y = -3*s - m. Is y a composite number?
True
Is 10 + -5*(6 - (-4425381)/(-45)) a composite number?
True
Suppose 68*x - 6872261 = 9*x. Is x prime?
False
Let u(y) = -64*y**3 - 106*y**2 - 21*y - 46. Is u(-13) composite?
False
Suppose 118*o = 125*o - 113785. Is o composite?
True
Let q be (-2 - 5375)*1 + -2 + 4. Let y = q - -11469. Suppose 4*m + 746 = y. Is m composite?
True
Let n(z) = -z**2 - 28*z - 106. Let r be n(-23). Suppose -r*h + 14*h + 3*b - 13516 = 0, 3*h + 2*b = 8109. Is h prime?
False
Let t(v) = -v**2 + 2*v - 3. Let u be t(-10). Let d = u + 129. Is ((-14)/4)/(4235/706 - d) prime?
False
Suppose 0 = -78*v - 74*v + 7999304. Is v a composite number?
False
Suppose 2*f = -4*s - 14, -13*s + 10*s - 15 = 0. Is -1 + -1 + f - (5 - 167) a composite number?
False
Is ((-956562)/15 + 9)*-15 composite?
True
Let k = 54 - 52. Suppose -4*a + 1072 = -0*c + 4*c, k*c = -a + 268. Suppose 3*p - a = 155. Is p a composite number?
True
Is (171055/10)/((0 + -1)*(-20)/40) a prime number?
True
Suppose 5*c + 4*j = 24, j = -3*c - 4*j + 17. Suppose -3*p - 5104 = 3*d - 13204, -c*p - 10776 = -4*d. Let n = 4352 - d. Is n a composite number?
True
Let a(b) = -7*b + 19. Let u be a(3). Let n be -8 + 6 + (5 - u). Suppose s - 439 = -4*z, n*s - 90 + 4 = -z. Is z a prime number?
False
Is (18/(-12))/(36/168) + 15866 composite?
False
Let r(c) = -1035*c + 134. Let l be r(-8). Let a(b) = -b**3 - 10*b**2 + 2*b + 14. Let f be a(-10). Is ((-3)/(63/l))/(2/f) prime?
False
Suppose 0 = -28*p + 1510572 - 214144. Is p composite?
False
Suppose -5*v + 3 + 8 = 2*z, -11 = -4*z + v. Suppose -10270 = -5*j - z*a, 0 = 3*j + 2*a - 5290 - 873. Is j composite?
True
Let w be ((-84)/(-140))/(1 + 169184/(-169185)). Suppose -w = 7*b - 16*b. Is b composite?
False
Is 73184 + -32 + 1/(-2)*-14 a composite number?
True
Suppose -3*p + 144932 - 19551 = -5*c, 4*p = 3*c + 167160. Let f = -8522 + p. Is f a composite number?
True
Let h(u) = 3*u**2 + 6*u - 20. Let r(i) = 8*i**2 + 19*i - 60. Let f(x) = -11*h(x) + 4*r(x). Let s be f(8). Is 2 - 517/s - 2/8 a prime number?
True
Suppose -59*i = -1473786 - 973711. Is i prime?
False
Let d = -1689 - -1776. Let n = -24 - 100. Let r = d - n. Is r composite?
False
Let a(b) be the first derivative of -4 - 4*b - 8*b**2 + 5*b + b + 17*b. Is a(-12) a composite number?
False
Suppose -230*b + 34326754 = 21438567 - 24507283. Is b a prime number?
False
Suppose -44*l - 80551 + 3696198 = -6108749. Is l composite?
True
Let x(i) = i**3 - 13*i**2 + 18*i - 19. Let g be x(17). Let p = g + 100. Is p a prime number?
True
Let v = 22 + -17. Suppose -5*r = s - 15, 0 = 5*r - 2*s - s + v. Suppose 0 = -r*c + 8*c - 1788. Is c composite?
True
Suppose 4*o = -2*w + 380264, 3*o - 4*w - 167480 = 117685. Is o a prime number?
True
Suppose 3*c + 5*o = -169, -o + 2 = -3*c - 137. Let h = 52 + c. Is ((-311)/h)/(4/(-16)) prime?
True
Suppose -16*a = 37385 + 20279. Is (((-150)/(-20))/(-15))/(2/a) composite?
True
Let d(z) = 33*z**2 - 4*z + 3. Suppose -7*m + 28 = -0*m. Let g be (m + -3 + 3)/2. Is d(g) prime?
True
Let c be ((-540626)/123)/(4/(-3) - -1). Let b = c + -6665. Is b a composite number?
False
Suppose 4*f = -3*n + 2, -5*n - 7*f + 8 = -5*f. Let j(r) = -2*r**3 - r - 27 - 13*r**n - 6*r - 12*r + 14*r. Is j(-11) composite?
False
Let x = 568505 + 269742. Is x composite?
False
Is ((-87)/58)/(6/(-23474768)*4) composite?
False
Let o be 0/(20/4) - -3. Suppose -3*s - 4250 = 4*i - 8*i, 3177 = 3*i + o*s. Is i prime?
True
Suppose 0 = 4*b - 4*z + 28, -2*b - 13 = z + 16. Let t(d) = 12*d**2 + 9*d - 26. Let n be t(9). Is 8/10*n + b/20 composite?
False
Let y = -665 + 116692. Is y prime?
True
Suppose 2*q = -2*f + 375174, 35534 = f - 3*q - 152045. Is f a prime number?
False
Let y(j) = 42610*j + 10827. Is y(22) prime?
True
Let x(q) = 24*q + 23. Suppose -4*k - 7 - 13 = -2*w, -3*k - 6 = 3*w. Let o be 0 - -10*w - 0. Is x(o) composite?
False
Is (1/(-4))/(70/(-31625720)) composite?
True
Suppose -186831 = -8*s + 169033. Is s prime?
True
Suppose -10*x - 1173 = -33*x. Is (29379/9)/7*x a prime number?
False
Let y(p) = 2*p**3 + 25*p**2 - 2*p + 8. Let v be y(25). Suppose -3*t + 3*x + v = 0, -2*x - 3293 = t - 18904. Is t a composite number?
True
Is (-21458290)/(-238) - (-3 + (-196)/(-68)) a composite number?
True
Suppose 3*p = 3*y - 27, -y - y + 5*p + 18 = 0. Let m(z) = z**3 - 8*z**2 - 10*z + 11. Let q be m(y). Suppose 4*j - 981 = -u + 695, -838 = -q*j + 4*u. Is j prime?
True
Suppose 3*f - 3*c = 8673, -4*c + 3007 - 101 = f. Suppose n - 739 = -r + 227, 4*r - f = -3*n. Let y = n - 663. Is y a prime number?
True
Is (-4)/26 + (-12259968)/(-208) + -5 a composite number?
False
Let r = -62 + 58. Let y be r/28 + ((-1374)/(-14) - 0). Suppose 5*v - 3*q = 5435, -v - y + 1185 = 3*q. Is v a prime number?
True
Let z(t) = -3*t**3 + 3*t**2 - 6*t - 4. Let m = -22 + 27. Let f be z(m). Is (f/(-8))/((-9)/(-252)) composite?
True
Suppose -3*w + 122417 = 5*g, 7*g - 10*g + 3*w = -73431. Is g composite?
False
Let i(k) = 393*k - 64*k**3 - 395*k + 4*k**2 - 2 - 3*k**2. Is i(-3) a composite number?
False
Let f(a) = a**3 - 9*a**2 - 10*a + 5. Let u be f(10). Suppose -188 - 302 = u*w. Let p = w + 433. Is p composite?
True
Let p = 3307504 + -1954223. Is p composite?
False
Let o(a) = a**2 - 27*a + 52. Let n be o(25). Suppose -3*u = -0*u + 5*v - 7258, -9634 = -4*u + n*v. Is u a prime number?
True
Let r = -8 + 5. Let p be (-4 - r - 919) + 0. Let h = p - -1453. Is h composite?
True
Suppose 13*z - 11 - 28 = 0. Suppose -5*w = q + 11815 - 74397, -w - z*q + 12508 = 0. Is w a prime number?
True
Suppose -8*j = -542698 - 438124 + 142590. Is j prime?
True
Let m(g) = -12144*g - 251. Is m(-6) a prime number?
True
Suppose -623182 = -9*o - 126373. Is o a prime number?
True
Suppose -4*n + 0*n = -13532. Let i = n + -804. Is i a composite number?
False
Let y(i) = 28*i - 34. Let u be y(2). Is (-33)/u*-1594*(2 + -1) prime?
False
Let q = 5629 - 932. Let b = 504 + q. Is b composite?
True
Let o(z) = -118*z**3 + 23*z**2 + 25*z - 9. Is o(-5) prime?
False
Let k(w) = 92*w**2 + 14*w - 5. Let b be k(2). Suppose b - 20946 = -5*r. Is r a composite number?
False
Let l(j) = j**3 - 56*j**2 - 58*j - 537. Is l(58) prime?
False
Suppose -3477052 + 9726865 = 44*b - 9343391. Is b composite?
False
Let x(h) = -h**2 + h. Let k(f) = 16*f**3 - 3*f**2 + f + 1. Let q(a) = -2*a - 18. Let d be q(-10). Let u(c) = d*x(c) - k(c). Is u(-3) a prime number?
False
Let z(w) = 974*w - 9. Suppose 3 = o - 2*b, -2*o + o + 3 = -5*b. Is z(o) prime?
False
Let m(o) = -90*o**3 - o**2 + 16*o + 40. Let l be (-8)/20*(-3 - -8) - 3. Is m(l) a composite number?
True
Suppo